{"id":147,"date":"2013-05-01T21:24:43","date_gmt":"2013-05-01T21:24:43","guid":{"rendered":"http:\/\/avogardo.com\/avogardo\/?page_id=147"},"modified":"2016-02-24T13:16:33","modified_gmt":"2016-02-24T13:16:33","slug":"online-e-commerce","status":"publish","type":"page","link":"https:\/\/www.avogardo.com\/avogardo\/online-e-commerce\/","title":{"rendered":"ONLINE-E-COMMERCE"},"content":{"rendered":"<p style=\"text-align: justify;\"><img loading=\"lazy\" decoding=\"async\" class=\"alignleft wp-image-308\" src=\"https:\/\/www.avogardo.com\/avogardo\/wp-content\/uploads\/2013\/05\/e-billing-300x199.jpg\" alt=\"e-billing\" width=\"342\" height=\"227\" srcset=\"https:\/\/www.avogardo.com\/avogardo\/wp-content\/uploads\/2013\/05\/e-billing-300x199.jpg 300w, https:\/\/www.avogardo.com\/avogardo\/wp-content\/uploads\/2013\/05\/e-billing-640x425.jpg 640w, https:\/\/www.avogardo.com\/avogardo\/wp-content\/uploads\/2013\/05\/e-billing-282x187.jpg 282w, https:\/\/www.avogardo.com\/avogardo\/wp-content\/uploads\/2013\/05\/e-billing.jpg 849w\" sizes=\"(max-width: 342px) 100vw, 342px\" \/> Wer bereits zum Hype der Globalisierung im internationalen Handel nicht Schritt halten konnte, wurde schnell von der Konkurrenz \u00fcberrannt. Nach der Globalisierung folgte die Digitalisierung &#8211; und so befinden wir uns mitten im digitalen Zeitalter, in dem ein Individuum &#8211; also jede rechtliche Person (Menschen als auch Unternehmen) nicht als Existent gilt, solange diese keine Digitalen Bankkonten, Steueridentifikationscodes sowie einen eigenen Webauftritt besitzt.<\/p>\n<p style=\"text-align: justify;\">Selbstverst\u00e4ndlich spielt ein lokaler Firmensitz in gewohnter N\u00e4he zu Ihren Stammkunden weiterhin eine ganz besondere Rolle. Aber warum nicht den Kreis seiner m\u00f6glichen Stammkunden auf das World-Wide-Web ausweiten? Bedenken Sie die M\u00f6glichkeiten! Ein Kunde kann wann, von wo und so oft er will \u2013 vor allem ohne Wegstrecken \u2013 Ihr Leistungsspektrum begutachten und sich von Ihnen \u00fcberzeugen lassen.<\/p>\n<p style=\"text-align: justify;\">Seien auch Sie in der Cloud f\u00fcr ihre Kunden 24 Stunden am Tag und 52 Wochen im Jahr erreichbar. Bestechen Sie dabei nicht nur durch Ihr besonderes Sortiment, sondern auch durch einen professionellen und kundenfreundlichen Webauftritt.<\/p>\n<h2 style=\"text-align: justify;\">Das System<\/h2>\n<p style=\"text-align: justify;\">Im Rahmen unserer Dienstleistungen f\u00fcr den E-Commerce Bereich setzen wir auf bereits bew\u00e4hrte Webshop-L\u00f6sungen, f\u00fcr einen zeitgem\u00e4\u00dfen und vor allem sicheren Webauftritt f\u00fcr Sie und Ihre Kunden. Hierbei integrieren wir v\u00f6llig unabh\u00e4ngig vom Webshop die gesamte Verwaltung in CORE.<\/p>\n<p style=\"text-align: justify;\">Durch die Integration ihres Webshops in CORE werden Sie im Alltag die Existenz Ihres digitalen Webauftritts fast vergessen, denn wir k\u00fcmmern uns um Ihren E-Commerce Standort.<\/p>\n<h2 style=\"text-align: justify;\">Der Service<\/h2>\n<p style=\"text-align: justify;\">Wir beraten Sie nicht nur beim Aufbau Ihres digitalen Auftritts, sondern begleiten Sie ebenso mit bestem Know-How bei der Gestaltung ihrer Webseite. Zusammen mit Ihrem modernen Corporate Design f\u00fcrs Web, hosten wir ebenso Ihren Shop und binden diesen ebenso zur einfachsten Administration in CORE ein.<\/p>\n<h2>E-Commerce<\/h2>\n<p style=\"text-align: justify;\">Wir freuen <img loading=\"lazy\" decoding=\"async\" class=\"alignleft wp-image-309\" src=\"https:\/\/www.avogardo.com\/avogardo\/wp-content\/uploads\/2013\/05\/security.jpg\" alt=\"security\" width=\"342\" height=\"228\" srcset=\"https:\/\/www.avogardo.com\/avogardo\/wp-content\/uploads\/2013\/05\/security.jpg 849w, https:\/\/www.avogardo.com\/avogardo\/wp-content\/uploads\/2013\/05\/security-300x199.jpg 300w, https:\/\/www.avogardo.com\/avogardo\/wp-content\/uploads\/2013\/05\/security-640x425.jpg 640w, https:\/\/www.avogardo.com\/avogardo\/wp-content\/uploads\/2013\/05\/security-282x187.jpg 282w\" sizes=\"(max-width: 342px) 100vw, 342px\" \/>uns darauf, Sie auf Ihrem Weg zum virtuellen Marktplatz zu begleiten und hei\u00dfen Sie jetzt schon herzlich willkommen in unserem Marktstandverleih. Falls Sie aber bereits einen Webauftritt besitzen, so unterst\u00fctzen wir Sie gerne dabei das Bestm\u00f6glichste aus diesem herauszuholen!<\/p>\n","protected":false},"excerpt":{"rendered":"<p>&#8230;<\/p>\n","protected":false},"author":1,"featured_media":0,"parent":0,"menu_order":0,"comment_status":"open","ping_status":"open","template":"template-fullwidth.php","meta":{"footnotes":""},"class_list":["post-147","page","type-page","status-publish","hentry"],"_links":{"self":[{"href":"https:\/\/www.avogardo.com\/avogardo\/wp-json\/wp\/v2\/pages\/147"}],"collection":[{"href":"https:\/\/www.avogardo.com\/avogardo\/wp-json\/wp\/v2\/pages"}],"about":[{"href":"https:\/\/www.avogardo.com\/avogardo\/wp-json\/wp\/v2\/types\/page"}],"author":[{"embeddable":true,"href":"https:\/\/www.avogardo.com\/avogardo\/wp-json\/wp\/v2\/users\/1"}],"replies":[{"embeddable":true,"href":"https:\/\/www.avogardo.com\/avogardo\/wp-json\/wp\/v2\/comments?post=147"}],"version-history":[{"count":27,"href":"https:\/\/www.avogardo.com\/avogardo\/wp-json\/wp\/v2\/pages\/147\/revisions"}],"predecessor-version":[{"id":262,"href":"https:\/\/www.avogardo.com\/avogardo\/wp-json\/wp\/v2\/pages\/147\/revisions\/262"}],"wp:attachment":[{"href":"https:\/\/www.avogardo.com\/avogardo\/wp-json\/wp\/v2\/media?parent=147"}],"curies":[{"name":"wp","href":"https:\/\/api.w.org\/{rel}","templated":true}]}}